{"id":144,"date":"2023-05-31T17:40:06","date_gmt":"2023-05-31T17:40:06","guid":{"rendered":"https:\/\/pgt-peru.com\/?page_id=144"},"modified":"2023-06-06T18:32:45","modified_gmt":"2023-06-06T18:32:45","slug":"servicios","status":"publish","type":"page","link":"https:\/\/pgt-peru.com\/index.php\/servicios\/","title":{"rendered":"SERVICIOS"},"content":{"rendered":"\n<div class=\"wp-block-group is-style-customboxshadowhover has-white-background-color has-background is-layout-constrained wp-container-core-group-is-layout-784e502a wp-block-group-is-layout-constrained\">\n<div class=\"wp-block-columns intrace-margin-top-n100 intrace-z-index-10 is-style-customboxshadowhover is-layout-flex wp-container-core-columns-is-layout-7705d9bc wp-block-columns-is-layout-flex\" style=\"padding-bottom:80px\">\n<div class=\"wp-block-column intrace-animate intrace-move-up intrace-delay-1 is-layout-flow wp-block-column-is-layout-flow\" style=\"padding-top:100px\">\n<div class=\"wp-block-group is-style-customboxshadow intrace-margin-top-n50 intrace-z-index-10 has-white-background-color has-background is-layout-flow wp-block-group-is-layout-flow\" style=\"padding-top:30px;padding-right:40px;padding-bottom:50px;padding-left:40px\">\n<figure class=\"wp-block-image aligncenter size-full is-resized is-style-default intrace-margin-top-n80\"><img decoding=\"async\" src=\"https:\/\/pgt-peru.com\/wp-content\/themes\/intrace\/assets\/img\/clock-core.webp\" alt=\"\" class=\"wp-image-27\" width=\"130\"\/><\/figure>\n\n\n\n<h2 class=\"wp-block-heading has-text-align-center has-intrace-primary-color has-text-color has-heading-3-font-size\" style=\"font-style:normal;font-weight:600;letter-spacing:1px;text-transform:capitalize\">AGENCIA DE CARGA<\/h2>\n\n\n\n<p class=\"has-text-align-center has-intrace-body-text-color has-text-color has-heading-6-font-size\" style=\"font-style:normal;font-weight:300\">Contamos con alianzas estrat\u00e9gicas para brindar servicios de Transporte internacional que nos permite trasladar carga de manera \u00f3ptima desde y hacia cualquier destino por v\u00eda mar\u00edtima y a\u00e9rea, cuyos embarques se encuentran controlados y administrados por personal especializado.<\/p>\n<\/div>\n<\/div>\n\n\n\n<div class=\"wp-block-column intrace-animate intrace-move-up intrace-delay-5 is-layout-flow wp-block-column-is-layout-flow\" style=\"padding-top:100px\">\n<div class=\"wp-block-group is-style-customboxshadow intrace-margin-top-n50 intrace-z-index-10 has-background is-layout-flow wp-block-group-is-layout-flow\" style=\"background-color:#181818;padding-top:30px;padding-right:40px;padding-bottom:50px;padding-left:40px\">\n<figure class=\"wp-block-image aligncenter size-full is-resized is-style-default intrace-margin-top-n80\"><img decoding=\"async\" src=\"https:\/\/pgt-peru.com\/wp-content\/themes\/intrace\/assets\/img\/design-core.webp\" alt=\"\" class=\"wp-image-24\" width=\"130\"\/><\/figure>\n\n\n\n<h2 class=\"wp-block-heading has-text-align-center has-white-color has-text-color has-heading-3-font-size\" style=\"font-style:normal;font-weight:600;letter-spacing:1px;text-transform:capitalize\">TRANSPORTE<\/h2>\n\n\n\n<p class=\"has-text-align-center has-white-color has-text-color has-heading-6-font-size\" style=\"font-style:normal;font-weight:300\">Brindamos el servicio de transporte terrestre de carga consolidada y contenerizada desde o hacia la direcci\u00f3n designada por el cliente, como complemento de las operaciones de comercio exterior teniendo una trazabilidad transparente en tiempo real y de manera oportuna.<\/p>\n<\/div>\n<\/div>\n\n\n\n<div class=\"wp-block-column intrace-animate intrace-move-up intrace-delay-3 is-layout-flow wp-block-column-is-layout-flow\" style=\"padding-top:100px\">\n<div class=\"wp-block-group is-style-customboxshadow intrace-margin-top-n50 intrace-z-index-10 has-white-background-color has-background is-layout-flow wp-block-group-is-layout-flow\" style=\"padding-top:30px;padding-right:40px;padding-bottom:50px;padding-left:40px\">\n<figure class=\"wp-block-image aligncenter size-full is-resized is-style-default intrace-margin-top-n80\"><img decoding=\"async\" src=\"https:\/\/pgt-peru.com\/wp-content\/themes\/intrace\/assets\/img\/idea-core.webp\" alt=\"\" class=\"wp-image-26\" width=\"130\"\/><\/figure>\n\n\n\n<h2 class=\"wp-block-heading has-text-align-center has-intrace-primary-color has-text-color has-heading-3-font-size\" style=\"font-style:normal;font-weight:600;letter-spacing:1px;text-transform:capitalize\"><strong>AGENCIA DE ADUANAS<\/strong><\/h2>\n\n\n\n<p class=\"has-text-align-center has-intrace-body-text-color has-text-color has-heading-6-font-size\" style=\"font-style:normal;font-weight:300\">Servicio de Agenciamiento de aduanas para todos los reg\u00edmenes aduaneros de importaci\u00f3n, exportaci\u00f3n definitiva y temporal, as\u00ed como los reg\u00edmenes especiales. Asimismo, contamos con amplia experiencia en la plataforma VUCE para generar permisos de carga restringida.<\/p>\n<\/div>\n<\/div>\n<\/div>\n<\/div>\n","protected":false},"excerpt":{"rendered":"<p>AGENCIA DE CARGA Contamos con alianzas estrat\u00e9gicas para brindar servicios de Transporte internacional que nos permite trasladar carga de manera \u00f3ptima desde y hacia cualquier destino por v\u00eda mar\u00edtima y a\u00e9rea, cuyos embarques se encuentran controlados y administrados por personal especializado. TRANSPORTE Brindamos el servicio de transporte terrestre de carga consolidada y contenerizada desde o hacia la direcci\u00f3n designada por el cliente, como complemento de las operaciones de comercio exterior teniendo una trazabilidad transparente en tiempo real y de manera oportuna. AGENCIA DE ADUANAS Servicio de Agenciamiento de aduanas para todos los reg\u00edmenes aduaneros de importaci\u00f3n, exportaci\u00f3n definitiva y temporal,<\/p>\n","protected":false},"author":1,"featured_media":0,"parent":0,"menu_order":0,"comment_status":"closed","ping_status":"closed","template":"","meta":{"_joinchat":[],"footnotes":""},"class_list":["post-144","page","type-page","status-publish","hentry"],"_links":{"self":[{"href":"https:\/\/pgt-peru.com\/index.php\/wp-json\/wp\/v2\/pages\/144","targetHints":{"allow":["GET"]}}],"collection":[{"href":"https:\/\/pgt-peru.com\/index.php\/wp-json\/wp\/v2\/pages"}],"about":[{"href":"https:\/\/pgt-peru.com\/index.php\/wp-json\/wp\/v2\/types\/page"}],"author":[{"embeddable":true,"href":"https:\/\/pgt-peru.com\/index.php\/wp-json\/wp\/v2\/users\/1"}],"replies":[{"embeddable":true,"href":"https:\/\/pgt-peru.com\/index.php\/wp-json\/wp\/v2\/comments?post=144"}],"version-history":[{"count":3,"href":"https:\/\/pgt-peru.com\/index.php\/wp-json\/wp\/v2\/pages\/144\/revisions"}],"predecessor-version":[{"id":190,"href":"https:\/\/pgt-peru.com\/index.php\/wp-json\/wp\/v2\/pages\/144\/revisions\/190"}],"wp:attachment":[{"href":"https:\/\/pgt-peru.com\/index.php\/wp-json\/wp\/v2\/media?parent=144"}],"curies":[{"name":"wp","href":"https:\/\/api.w.org\/{rel}","templated":true}]}}